{"id":204,"date":"2024-07-16T00:04:05","date_gmt":"2024-07-16T00:04:05","guid":{"rendered":"https:\/\/raf.net.pe\/guardianes-ls\/?page_id=204"},"modified":"2024-07-16T00:13:21","modified_gmt":"2024-07-16T00:13:21","slug":"reportajes","status":"publish","type":"page","link":"https:\/\/raf.net.pe\/guardianes-ls\/reportajes\/","title":{"rendered":"Reportajes"},"content":{"rendered":"<p>[et_pb_section fb_built=\u00bb1&#8243; next_background_color=\u00bb#22136E\u00bb admin_label=\u00bbBlog\u00bb _builder_version=\u00bb4.26.1&#8243; _module_preset=\u00bbdefault\u00bb background_color=\u00bbrgba(255,255,255,0.64)\u00bb background_image=\u00bbhttps:\/\/raf.net.pe\/guardianes-ls\/wp-content\/uploads\/2024\/07\/fondo2.jpg\u00bb parallax=\u00bbon\u00bb parallax_method=\u00bboff\u00bb background_blend=\u00bbsoft-light\u00bb custom_padding=\u00bb19px||202px|||\u00bb bottom_divider_style=\u00bbgraph3&#8243; locked=\u00bboff\u00bb collapsed=\u00bbon\u00bb global_colors_info=\u00bb{}\u00bb][et_pb_row _builder_version=\u00bb4.26.1&#8243; _module_preset=\u00bbdefault\u00bb global_colors_info=\u00bb{}\u00bb][et_pb_column type=\u00bb4_4&#8243; _builder_version=\u00bb4.26.1&#8243; _module_preset=\u00bbdefault\u00bb global_colors_info=\u00bb{}\u00bb][et_pb_heading title=\u00bbDescubre nuestas historias\u00bb _builder_version=\u00bb4.26.1&#8243; _module_preset=\u00bbf0c675ea-2574-4d0e-b725-30f8550a8550&#8243; title_level=\u00bbh4&#8243; title_font=\u00bbProza Libre|Cormorant Garamond_weight||on|||||\u00bb title_text_align=\u00bbcenter\u00bb title_text_color=\u00bb#003566&#8243; title_font_size=\u00bb14px\u00bb title_letter_spacing=\u00bb1px\u00bb title_line_height=\u00bb1.4em\u00bb custom_margin=\u00bb||10px||false|false\u00bb title_font_size_tablet=\u00bb13px\u00bb title_font_size_phone=\u00bb13px\u00bb title_font_size_last_edited=\u00bbon|desktop\u00bb locked=\u00bboff\u00bb global_colors_info=\u00bb{%22#003566%22:%91%22title_text_color%22%93}\u00bb][\/et_pb_heading][et_pb_image src=\u00bbhttps:\/\/raf.net.pe\/guardianes-ls\/wp-content\/uploads\/2024\/03\/logoGLS.png\u00bb title_text=\u00bblogoGLS\u00bb align=\u00bbcenter\u00bb _builder_version=\u00bb4.26.1&#8243; _module_preset=\u00bbdefault\u00bb width=\u00bb100%\u00bb max_width=\u00bb43%\u00bb custom_margin=\u00bb||34px|||\u00bb global_colors_info=\u00bb{}\u00bb][\/et_pb_image][\/et_pb_column][\/et_pb_row][et_pb_row column_structure=\u00bb1_2,1_2&#8243; _builder_version=\u00bb4.26.1&#8243; _module_preset=\u00bbdefault\u00bb global_colors_info=\u00bb{}\u00bb][et_pb_column type=\u00bb1_2&#8243; _builder_version=\u00bb4.26.1&#8243; _module_preset=\u00bbdefault\u00bb global_colors_info=\u00bb{}\u00bb][et_pb_text _builder_version=\u00bb4.24.2&#8243; _module_preset=\u00bbdefault\u00bb header_font=\u00bbMochiy Pop One||||||||\u00bb header_text_color=\u00bb#22136E\u00bb header_font_size=\u00bb46px\u00bb header_line_height=\u00bb1.3em\u00bb header_3_text_color=\u00bb#22136E\u00bb header_3_font_size=\u00bb24px\u00bb header_3_line_height=\u00bb1.1em\u00bb global_colors_info=\u00bb{}\u00bb]<\/p>\n<h1 style=\"text-align: left;\">GR<span style=\"color: #097aff;\">D<\/span><\/h1>\n<h3 style=\"text-align: left;\"><strong>Gesti\u00f3n de riesgo de desastres<\/strong><\/h3>\n<p>[\/et_pb_text][et_pb_text _builder_version=\u00bb4.24.2&#8243; _module_preset=\u00bbdefault\u00bb text_text_color=\u00bb#22136E\u00bb text_font_size=\u00bb19px\u00bb global_colors_info=\u00bb{}\u00bb]<\/p>\n<blockquote>\n<p><em>En este programa de \u00abGuardianes de Lima Sur\u00bb, Erick, nuestro conductor, nos invita a sumergimos en las cuestiones esenciales: \u00bfQu\u00e9 es exactamente este fen\u00f3meno? \u00bfC\u00f3mo evoluciona? \u00bfY de qu\u00e9 manera afecta la vida de los residentes de Lima Sur?\u00a0<\/em><\/p>\n<\/blockquote>\n<p>[\/et_pb_text][\/et_pb_column][et_pb_column type=\u00bb1_2&#8243; _builder_version=\u00bb4.26.1&#8243; _module_preset=\u00bbdefault\u00bb global_colors_info=\u00bb{}\u00bb][et_pb_video src=\u00bbhttps:\/\/youtu.be\/FZ3NneClcC4&#8243; image_src=\u00bbhttps:\/\/raf.net.pe\/guardianes-ls\/wp-content\/uploads\/2024\/03\/GRD-nino.jpg\u00bb _builder_version=\u00bb4.24.2&#8243; _module_preset=\u00bbdefault\u00bb border_color_all=\u00bb#FFFFFF\u00bb box_shadow_style=\u00bbpreset4&#8243; box_shadow_horizontal=\u00bb20px\u00bb box_shadow_vertical=\u00bb20px\u00bb box_shadow_color=\u00bb#FFFFFF\u00bb global_colors_info=\u00bb{}\u00bb][\/et_pb_video][\/et_pb_column][\/et_pb_row][et_pb_row column_structure=\u00bb1_2,1_2&#8243; make_equal=\u00bbon\u00bb _builder_version=\u00bb4.26.1&#8243; _module_preset=\u00bb5138c454-be54-4233-bd3b-f8e6a8747976&#8243; global_colors_info=\u00bb{}\u00bb][et_pb_column type=\u00bb1_2&#8243; _builder_version=\u00bb4.16&#8243; _module_preset=\u00bb73121f80-a3ef-4484-8763-c3f18e3c56d2&#8243; global_colors_info=\u00bb{}\u00bb][et_pb_video src=\u00bbhttps:\/\/youtu.be\/nUcoUYXL3R8?si=tFDA5xosVKgQj4ZI\u00bb image_src=\u00bbhttps:\/\/raf.net.pe\/guardianes-ls\/wp-content\/uploads\/2024\/03\/portada-RRSS.jpg\u00bb _builder_version=\u00bb4.24.2&#8243; _module_preset=\u00bbdefault\u00bb box_shadow_style=\u00bbpreset4&#8243; box_shadow_horizontal=\u00bb20px\u00bb box_shadow_vertical=\u00bb20px\u00bb box_shadow_color=\u00bb#FFFFFF\u00bb global_colors_info=\u00bb{}\u00bb][\/et_pb_video][\/et_pb_column][et_pb_column type=\u00bb1_2&#8243; _builder_version=\u00bb4.16&#8243; _module_preset=\u00bb73121f80-a3ef-4484-8763-c3f18e3c56d2&#8243; global_colors_info=\u00bb{}\u00bb][et_pb_text _builder_version=\u00bb4.26.1&#8243; _module_preset=\u00bbdefault\u00bb text_text_color=\u00bb#22136E\u00bb header_font=\u00bbMochiy Pop One||||||||\u00bb header_text_color=\u00bb#22136E\u00bb header_font_size=\u00bb46px\u00bb global_colors_info=\u00bb{}\u00bb]<\/p>\n<h1 style=\"text-align: left;\">Medio <span style=\"color: #097aff;\">ambiente<\/span><\/h1>\n<p>[\/et_pb_text][et_pb_text _builder_version=\u00bb4.26.1&#8243; _module_preset=\u00bbdefault\u00bb text_text_color=\u00bb#22136E\u00bb text_font_size=\u00bb19px\u00bb global_colors_info=\u00bb{}\u00bb]<\/p>\n<blockquote>\n<p><em>Fabianna y Julissa te invitan a descubrir la problem\u00e1tica de la gesti\u00f3n inadecuada de residuos s\u00f3lidos, que enfrentan los residentes de San Juan de Miraflores, Villa Mar\u00eda del Triunfo y Villa El Salvador, quienes se esfuerzan por\u00a0 crear un futuro m\u00e1s limpio y sostenible. Adem\u00e1s, se invoca a las autoridades para que se sumen e impulsen un cambio significativo.<\/em><\/p>\n<\/blockquote>\n<p>[\/et_pb_text][\/et_pb_column][\/et_pb_row][et_pb_row column_structure=\u00bb1_2,1_2&#8243; make_equal=\u00bbon\u00bb _builder_version=\u00bb4.26.1&#8243; _module_preset=\u00bb5138c454-be54-4233-bd3b-f8e6a8747976&#8243; global_colors_info=\u00bb{}\u00bb][et_pb_column type=\u00bb1_2&#8243; _builder_version=\u00bb4.16&#8243; _module_preset=\u00bb73121f80-a3ef-4484-8763-c3f18e3c56d2&#8243; global_colors_info=\u00bb{}\u00bb][et_pb_text _builder_version=\u00bb4.26.1&#8243; _module_preset=\u00bbdefault\u00bb header_font=\u00bbMochiy Pop One||||||||\u00bb header_text_color=\u00bb#22136E\u00bb header_font_size=\u00bb36px\u00bb header_line_height=\u00bb1.3em\u00bb global_colors_info=\u00bb{}\u00bb]<\/p>\n<h1 style=\"text-align: left;\">Agua potable y <span style=\"color: #097aff;\">saneamiento<\/span><\/h1>\n<p>[\/et_pb_text][et_pb_text _builder_version=\u00bb4.26.1&#8243; _module_preset=\u00bbdefault\u00bb text_text_color=\u00bb#22136E\u00bb text_font_size=\u00bb19px\u00bb global_colors_info=\u00bb{}\u00bb]<\/p>\n<blockquote>\n<p><em>En el D\u00eda Mundial del Agua, \u00abGuardianes de Lima Sur\u00bb presenta un episodio especial: <strong>\u00abAcceso al agua y alcantarillado en barrios de Lima Sur\u00bb.<\/strong> En este video, nuestros conductores Erick y Alejandra nos llevan a un viaje por San Juan de Miraflores, Villa Mar\u00eda del Triunfo y Villa El Salvador para explorar las realidades y buenas pr\u00e1cticas en el acceso al agua y al saneamiento.<\/em><\/p>\n<\/blockquote>\n<p>[\/et_pb_text][\/et_pb_column][et_pb_column type=\u00bb1_2&#8243; _builder_version=\u00bb4.16&#8243; _module_preset=\u00bb73121f80-a3ef-4484-8763-c3f18e3c56d2&#8243; global_colors_info=\u00bb{}\u00bb][et_pb_video src=\u00bbhttps:\/\/youtu.be\/2CmCw-qXgI4?si=uub3X6iDWS0wvC1H\u00bb image_src=\u00bbhttps:\/\/raf.net.pe\/guardianes-ls\/wp-content\/uploads\/2024\/03\/agua2.jpg\u00bb _builder_version=\u00bb4.24.2&#8243; _module_preset=\u00bbdefault\u00bb box_shadow_style=\u00bbpreset4&#8243; box_shadow_horizontal=\u00bb20px\u00bb box_shadow_vertical=\u00bb20px\u00bb box_shadow_color=\u00bb#FFFFFF\u00bb global_colors_info=\u00bb{}\u00bb][\/et_pb_video][\/et_pb_column][\/et_pb_row][et_pb_row column_structure=\u00bb1_2,1_2&#8243; _builder_version=\u00bb4.26.1&#8243; _module_preset=\u00bbdefault\u00bb hover_enabled=\u00bb0&#8243; global_colors_info=\u00bb{}\u00bb sticky_enabled=\u00bb0&#8243;][et_pb_column type=\u00bb1_2&#8243; _builder_version=\u00bb4.26.1&#8243; _module_preset=\u00bbdefault\u00bb global_colors_info=\u00bb{}\u00bb][et_pb_video src=\u00bbhttps:\/\/youtu.be\/aF7CLg0r6I4?si=tV_mqYQMqviUzlKh\u00bb image_src=\u00bbhttps:\/\/raf.net.pe\/guardianes-ls\/wp-content\/uploads\/2024\/03\/segurid-cd.jpg\u00bb _builder_version=\u00bb4.24.2&#8243; _module_preset=\u00bbdefault\u00bb box_shadow_style=\u00bbpreset4&#8243; box_shadow_color=\u00bb#22136E\u00bb global_colors_info=\u00bb{}\u00bb][\/et_pb_video][\/et_pb_column][et_pb_column type=\u00bb1_2&#8243; _builder_version=\u00bb4.26.1&#8243; _module_preset=\u00bbdefault\u00bb global_colors_info=\u00bb{}\u00bb][et_pb_text _builder_version=\u00bb4.26.1&#8243; _module_preset=\u00bbdefault\u00bb header_font=\u00bbMochiy Pop One||||||||\u00bb header_text_color=\u00bb#22136E\u00bb header_font_size=\u00bb36px\u00bb header_line_height=\u00bb1.3em\u00bb hover_enabled=\u00bb0&#8243; global_colors_info=\u00bb{}\u00bb sticky_enabled=\u00bb0&#8243;]<\/p>\n<h1 style=\"text-align: left;\">Seguridad <span style=\"color: #097aff;\">ciudadana<\/span><\/h1>\n<p>[\/et_pb_text][et_pb_text _builder_version=\u00bb4.24.2&#8243; _module_preset=\u00bbdefault\u00bb text_text_color=\u00bb#22136E\u00bb text_font_size=\u00bb19px\u00bb global_colors_info=\u00bb{}\u00bb]<\/p>\n<blockquote>\n<p><span>Acompa\u00f1a a Fabianna y Alejandra en un recorrido especial por Lima Sur<\/span><span>. Descubre junto a ellas la situaci\u00f3n actual de seguridad ciudadana en San Juan de Miraflores, Villa Mar\u00eda del Triunfo y Villa El Salvador. En estos tiempos de reflexi\u00f3n y uni\u00f3n, nuestros valientes vecinos se juntan m\u00e1s que nunca para enfrentar desaf\u00edos y resaltar la vital importancia de trabajar juntos, autoridades y comunidad, por un entorno m\u00e1s seguro para todos. <\/span><\/p>\n<\/blockquote>\n<p>[\/et_pb_text][\/et_pb_column][\/et_pb_row][\/et_pb_section]<\/p>\n","protected":false},"excerpt":{"rendered":"<p>GRD Gesti\u00f3n de riesgo de desastres En este programa de \u00abGuardianes de Lima Sur\u00bb, Erick, nuestro conductor, nos invita a sumergimos en las cuestiones esenciales: \u00bfQu\u00e9 es exactamente este fen\u00f3meno? \u00bfC\u00f3mo evoluciona? \u00bfY de qu\u00e9 manera afecta la vida de los residentes de Lima Sur?\u00a0 Medio ambiente Fabianna y Julissa te invitan a descubrir la problem\u00e1tica de la gesti\u00f3n inadecuada de residuos s\u00f3lidos, que enfrentan los residentes de San Juan de Miraflores, Villa Mar\u00eda del Triunfo y Villa El Salvador, quienes se esfuerzan por\u00a0 crear un futuro m\u00e1s limpio y sostenible. Adem\u00e1s, se invoca a las autoridades para que se sumen e impulsen un cambio significativo. Agua potable y saneamiento En el D\u00eda Mundial del Agua, \u00abGuardianes de Lima Sur\u00bb presenta un episodio especial: \u00abAcceso al agua y alcantarillado en barrios de Lima Sur\u00bb. En este video, nuestros conductores Erick y Alejandra nos llevan a un viaje por San Juan de Miraflores, Villa Mar\u00eda del Triunfo y Villa El Salvador para explorar las realidades y buenas pr\u00e1cticas en el acceso al agua y al saneamiento. Seguridad ciudadana Acompa\u00f1a a Fabianna y Alejandra en un recorrido especial por Lima Sur. Descubre junto a ellas la situaci\u00f3n actual de seguridad ciudadana en [&hellip;]<\/p>\n","protected":false},"author":1,"featured_media":0,"parent":0,"menu_order":0,"comment_status":"closed","ping_status":"closed","template":"","meta":{"_et_pb_use_builder":"on","_et_pb_old_content":"","_et_gb_content_width":"","footnotes":""},"class_list":["post-204","page","type-page","status-publish","hentry"],"_links":{"self":[{"href":"https:\/\/raf.net.pe\/guardianes-ls\/wp-json\/wp\/v2\/pages\/204","targetHints":{"allow":["GET"]}}],"collection":[{"href":"https:\/\/raf.net.pe\/guardianes-ls\/wp-json\/wp\/v2\/pages"}],"about":[{"href":"https:\/\/raf.net.pe\/guardianes-ls\/wp-json\/wp\/v2\/types\/page"}],"author":[{"embeddable":true,"href":"https:\/\/raf.net.pe\/guardianes-ls\/wp-json\/wp\/v2\/users\/1"}],"replies":[{"embeddable":true,"href":"https:\/\/raf.net.pe\/guardianes-ls\/wp-json\/wp\/v2\/comments?post=204"}],"version-history":[{"count":5,"href":"https:\/\/raf.net.pe\/guardianes-ls\/wp-json\/wp\/v2\/pages\/204\/revisions"}],"predecessor-version":[{"id":210,"href":"https:\/\/raf.net.pe\/guardianes-ls\/wp-json\/wp\/v2\/pages\/204\/revisions\/210"}],"wp:attachment":[{"href":"https:\/\/raf.net.pe\/guardianes-ls\/wp-json\/wp\/v2\/media?parent=204"}],"curies":[{"name":"wp","href":"https:\/\/api.w.org\/{rel}","templated":true}]}}